 + 5*p - 145, -4*v + 290 = -2*p. What is the units digit of v?
5
What is the units digit of (1/3)/(1/66)?
2
Let r = -243 - -495. What is the tens digit of r?
5
Let c = 0 - -3. Let i(h) = h**3 - 4*h**2 + 5*h - 4. What is the units digit of i(c)?
2
Let v(d) = -1 - d + 2 + 2*d - 2. What is the units digit of v(7)?
6
Let z(h) = 5*h - 3. Let p be z(2). Suppose -4*d - p - 19 = -2*o, 0 = -d + o - 9. Let g(s) = -s - 3. What is the units digit of g(d)?
1
Let p be 4/3*(-318)/(-4). Suppose -2*h + p = 3*i - i, 4 = -h. Suppose -4*q = 3*g - 49, 4*g = 5*q + 19 - i. What is the units digit of q?
0
Suppose 3*h - 3*n = -12, 5*h - 2*n + n + 20 = 0. What is the units digit of (-32)/(-14) - h/(-14)?
2
Suppose 0 = 10*g - 5*g - 15. Suppose -g*p + 3 = -3. What is the units digit of p?
2
Let k be (59 - -1) + -10 + 7. Suppose 3*n - k = 39. What is the units digit of n?
2
Suppose 3 = -5*c - 7. Let u be (-1)/(c + (-9)/(-6)). Suppose 16 = -u*j + 4*j. What is the units digit of j?
8
Suppose 0 = d - 2*d + 10. Let k(f) = -2*f - 3*f - f**2 + d - 2. What is the units digit of k(-6)?
2
Suppose 0 = -n + 3*t - 7*t + 16, 2*n = t + 41. What is the units digit of (n - (3 - 5)) + 2?
4
Let b = 41 + -94. Let r = b + 74. What is the tens digit of r?
2
Suppose -2*r - 4*a = -6*a - 12, -5*r + 27 = -2*a. What is the units digit of (-1 - -14) + 5/r?
4
Let g(u) = -3*u**2 + u. Let n be g(-1). What is the tens digit of 1 + 10 - 12/n?
1
Let u = 140 + 67. What is the units digit of u?
7
Let o be ((-12)/(-3 - -6))/(-2). Let q = 15 - o. What is the tens digit of q?
1
Let w be 144/63 + (-4)/14. Suppose -2*c + 11 = -5*p, -c = -w*p - 1 - 3. What is the tens digit of (3 - (-9 + c)) + -2?
1
Suppose 0 = 5*g - 45 + 5. Suppose 0 = a - 3 - g. What is the tens digit of a?
1
Suppose 5*k - 180 = 5*q, -5*k = -0*q + 2*q - 145. What is the tens digit of k?
3
Let v(d) = d**3 - 8*d**2 + 9*d - 10. Let t = 6 + 1. Let a be v(t). What is the units digit of 3/6 - (-2)/a?
1
Suppose 0 = -r - 2*r + 3. Let g be r*(2 + 0) + -1. What is the units digit of g/1 + -1 + 3?
3
Suppose -12 = -n + 13. Suppose -4*p = -2*z - n + 9, -p = 4*z - 13. Suppose -z*g + 9 + 5 = 0. What is the units digit of g?
7
Suppose 3*o - 127 = -g, 2*g - 1 = 1. Let j = o - 25. Suppose w + 0*w = j. What is the tens digit of w?
1
Let x(z) = z**3 + z**2 - 2*z + 20. What is the tens digit of x(0)?
2
Let f(l) = 279*l - 3. What is the units digit of f(1)?
6
Let n = 210 - 176. What is the units digit of n?
4
Suppose 0 = -0*u - u. What is the units digit of u + 1 + -3 + 3?
1
Suppose -b + 0*v - v + 206 = 0, 4*b - v - 834 = 0. What is the tens digit of b?
0
Let u(z) = -2*z**3 - 2*z**2 - 4*z - 9. What is the units digit of u(-3)?
9
Suppose -3*u - 7*f = -2*f - 38, 0 = -4*u - 2*f + 60. What is the tens digit of u?
1
Let w = -4 + 4. Suppose 3*j + 4 = 5*f, j - 4*j - 3*f + 12 = w. What is the units digit of j?
2
Let f be (-1)/(((-4)/(-2))/(-8)). Suppose m + f = 12. What is the units digit of m?
8
Let t be 2*-1*(1 - 0). Let v = t + 4. Suppose -4 = -v*n + 6. What is the units digit of n?
5
Let d = -30 - -42. What is the units digit of d?
2
Suppose -3*z + 364 = 49. What is the hundreds digit of z?
1
Let y(x) = -2*x - 3. Let u be y(-5). Suppose 3*v - u*v = -3*f + 60, 5*f - 89 = 3*v. What is the units digit of f?
6
Suppose 0 + 9 = 3*l. Suppose -3*n + 15 = l. Suppose 0 = -v + 4*o + 22, -n*v - 3*o + o - 2 = 0. What is the units digit of v?
2
Let o be ((-5)/(-3))/((68/(-24))/17). Suppose 0 = -3*r - 6, -3*v + 3*r - 1 = 2*r. Let i = v - o. What is the units digit of i?
9
Let o(v) = -v + 3. Let a be o(10). Let g = a - -15. Suppose -5 = -r + g. What is the tens digit of r?
1
Let d = 17 + 71. Suppose 0 = -m - 3, -5*f - 2*m + d = -3*m. What is the units digit of f?
7
Suppose -c + 0*w = 4*w - 40, -2*c + 74 = 2*w. What is the tens digit of c?
3
Suppose 0*y - 20 = -2*f - 2*y, -f - 4*y + 7 = 0. What is the tens digit of f?
1
What is the tens digit of 125/6 - 2/(-12)?
2
Let b(m) = -5*m - 3. Let y be b(-3). Suppose 0 = -5*u - y + 2. What is the units digit of 12/3 - u/1?
6
Let a be 0/(-3) - 2 - -3. Let h be ((-4)/(-12))/(a/(-3)). Let z = 5 - h. What is the units digit of z?
6
What is the tens digit of 334/6 - 2/(-6)?
5
Let k = -2 + -4. Let t be (k - -5)/(2/(-4)). Let n = t - -15. What is the units digit of n?
7
Let n(o) = -o - 1. Let z be n(-5). Suppose -5*c = 2*t - 2, -z*t + 3*c + 32 = -c. What is the units digit of t?
6
What is the units digit of ((-10)/(-4) - 2)/(2/112)?
8
Let y = 107 + -11. What is the units digit of y?
6
Let u = 31 - 14. Suppose -28 = -2*l + 3*h, 15 = 2*l - 4*h - u. What is the units digit of l?
8
Let u(o) = 7*o**2 + 3*o - 3. Let h be u(2). Let n = h + -7. What is the tens digit of n?
2
Let n = -91 - -63. Let x = -39 - n. Let f = x - -15. What is the units digit of f?
4
Let h be (64 - 1) + -8 + 5. Suppose 40 = 2*l + 4*v, -6*l = -2*l + 3*v - h. What is the tens digit of l?
1
Let m be (-1 - -2)*-20*2. Let y = m - -66. What is the units digit of y?
6
Suppose -5*h + 0*l - 3*l = -23, 4*l = -5*h + 24. Suppose -h*f + 7 + 9 = 0. What is the units digit of f?
4
Suppose -40 = 2*u + 4*a, 4*u + 4*a + 24 = 3*u. Let f be ((-1)/2)/(8/u). What is the units digit of (-1)/(-2)*26/f?
3
Let l(u) = -4*u - 2. What is the tens digit of l(-9)?
3
Let w(l) = -l**2 + 6*l + 7. Let b be w(8). Let k(u) = -2*u + 5. What is the units digit of k(b)?
3
Let g = -9 - 3. Let b(c) = c**3 - 7*c**2 + 7*c - 9. Let d be b(6). What is the units digit of ((-10)/(-8))/(d/g)?
5
Let q(i) = 3*i**2 - 4*i - 12. What is the tens digit of q(6)?
7
Suppose 4*k + 2270 = 14*k. What is the tens digit of k?
2
Let h = 17 + 1. What is the tens digit of h?
1
Suppose r - 20 = 2*h + 41, 59 = r - h. What is the tens digit of r?
5
Let y = -10 - -18. What is the units digit of y/6 + (-3)/9?
1
Suppose 3*a - 13 = -3*o - 1, 0 = 3*a + 2*o - 12. Suppose 2*l - 3*x - 28 = 0, 3*x - 12 = -a*l + 26. What is the units digit of l?
1
Let m be 18/(-24) - 6/(-8). Suppose m = -d + 5 - 2. Let j = d - -4. What is the units digit of j?
7
Suppose -2*y + 5*q + 32 = 0, 0 = 3*y + 2*y + 4*q - 113. Suppose 0*b + y = b. What is the units digit of b?
1
Let k(s) = -3*s**2 + s**2 - s + 11*s**2. Let a be k(1). Suppose 0*y - y = -a. What is the units digit of y?
8
Suppose -4*m - 3*w = -309, 2*w = 3*m - 3*w - 210. What is the tens digit of m?
7
Suppose 196 + 16 = 4*m. What is the tens digit of m?
5
Suppose -106 + 1 = -5*l. Suppose -3*d - 19 = -5*g, -3*g = -3*d - 2*d - l. Suppose 0 = -g*i + 20. What is the units digit of i?
0
Suppose -8 = -2*g + 26. What is the tens digit of g?
1
Let q(v) = 22*v**3 - v**2 + v - 1. Let z be q(1). Let f = z + -11. What is the tens digit of f?
1
Let x be 1/(-4) - (-63)/12. Let h(g) = -g**2 + 4*g - 2. Let c be h(x). Let s = -4 - c. What is the units digit of s?
3
Let q = 15 - 5. What is the units digit of q?
0
Let r be 1/(-1) + 1/(-1). Let l be (r/6)/(1/(-15)). Suppose 1 = q - l. What is the units digit of q?
6
Suppose 194 = 3*t - 19. What is the tens digit of t?
7
Let r be -1 - ((1 - -2) + 1). Let b = 3 + r. What is the units digit of (-39)/(-12) - b/(-8)?
3
Suppose -2*i = -4*j - 8 + 2, 4*i - 5*j = 21. Let g = i - -14. What is the units digit of g?
3
Let v(h) be the second derivative of h**5/20 - h**4/2 - 4*h**3/3 + 4*h**2 - h. Let p be v(7). What is the units digit of (4/p - 2) + 3?
5
Suppose -2*b - 5*o = -3*b - 13, -10 = -2*o. What is the units digit of b?
2
Suppose 27 = -0*p + 3*p. Suppose 4*a - p = -i, 21 = a - 4*i + 6. What is the units digit of 7/3 + 2/a?
3
Let i be -1 + 1*(3 + -4). What is the units digit of i/((-4)/14 - 0)?
7
Suppose z - 2*z = -5. Let c be (-2 + 11)*(-8)/(-6). Suppose -z*w + w = -c. What is the units digit of w?
3
Let s(k) = -5*k - 2. Let y be s(-2). Suppose r + 0*r = 3. Suppose -l + r*p - 14 = y*p, l + 4*p + 11 = 0. What is the units digit of l?
1
Suppose 0*a + 12 = 3*a. Suppose 4*z = -a*g + 3*g + 36, 0 = 3*g + z - 86. What is the tens digit of g?
2
Suppose 4 = 2*v - 0. Suppose a - 5*a = -12. Suppose 0 = 2*s - s - v*c - 13, -a*s + 39 = -4*c. What is the units digit of s?
3
Let z(c) = -c**3 - 15*c**2 - 5*c + 14. What is the tens digit of z(-15)?
8
Suppose 2*i = d + 18, 5*i = -0*i + 4*d + 42. What is the tens digit of i?
1
Suppose 2*x - 23 = -8*b + 3*b, 0 = -x + 5*b + 4. Let u = x + -7. What is the units digi